rue
Is 1167763 composite?
False
Is 1666991 composite?
False
Is 13367 a prime number?
True
Is 4343 composite?
True
Is 2929501 a prime number?
True
Is 188603 a prime number?
True
Is 15559 prime?
True
Is 1507847 a prime number?
False
Is 371831 composite?
False
Is 17065 prime?
False
Is 5227 a composite number?
False
Is 5847 a prime number?
False
Is 77543 a composite number?
False
Is 41617 a prime number?
True
Is 58983 composite?
True
Is 561907 a prime number?
True
Is 343586 composite?
True
Is 10663 a composite number?
False
Is 21643 prime?
False
Is 9091 a composite number?
False
Is 97883 prime?
True
Is 16183 composite?
False
Is 454483 composite?
False
Is 204247 composite?
True
Is 5671 a composite number?
True
Is 223999 a composite number?
False
Is 803 prime?
False
Is 329 composite?
True
Is 2857 composite?
False
Is 342131 a prime number?
True
Is 4781 prime?
False
Is 1207751 a composite number?
False
Is 734001 a prime number?
False
Is 686947 a composite number?
False
Is 923269 a composite number?
True
Is 65167 composite?
False
Is 79687 a composite number?
False
Is 28901 prime?
True
Is 79093 prime?
False
Is 185429 a composite number?
False
Is 1693 composite?
False
Is 148991 composite?
False
Is 1557871 a prime number?
False
Is 553 prime?
False
Is 2099 a composite number?
False
Is 10301 a composite number?
False
Is 665233 a prime number?
True
Is 881453 a composite number?
True
Is 37069 composite?
True
Is 10559 composite?
False
Is 23011 a prime number?
True
Is 1919 prime?
False
Is 328495 a prime number?
False
Is 120293 a composite number?
False
Is 25729 prime?
False
Is 218065 a composite number?
True
Is 42569 composite?
False
Is 30757 a composite number?
False
Is 5671091 a prime number?
True
Is 186917 a composite number?
False
Is 265649 composite?
True
Is 488899 a composite number?
True
Is 5479 composite?
False
Is 8247 prime?
False
Is 92969 a composite number?
True
Is 15961 composite?
True
Is 47933 prime?
True
Is 112399 a composite number?
True
Is 11369 prime?
True
Is 231635 composite?
True
Is 169339 prime?
True
Is 1701361 composite?
False
Is 34123 prime?
True
Is 4123199 a prime number?
True
Is 385015 prime?
False
Is 70039 a composite number?
False
Is 379387 a prime number?
True
Is 73091 composite?
False
Is 13873 prime?
True
Is 36257 a composite number?
True
Is 1295387 composite?
False
Is 14767 a prime number?
True
Is 75853 prime?
True
Is 18169 prime?
True
Is 31237 prime?
True
Is 996599 prime?
True
Is 12007 composite?
False
Is 140053 a prime number?
True
Is 12442 composite?
True
Is 1289867 prime?
True
Is 741401 a composite number?
False
Is 36251 a prime number?
True
Is 6671 prime?
False
Is 2925517 composite?
True
Is 70259 composite?
True
Is 220721 a prime number?
True
Is 64433 a composite number?
False
Is 227639 a composite number?
True
Is 1003169 a composite number?
True
Is 1947635 composite?
True
Is 1194989 a prime number?
False
Is 16999 a composite number?
True
Is 16753 composite?
True
Is 84449 a prime number?
True
Is 1117 composite?
False
Is 182431 composite?
False
Is 816113 prime?
True
Is 3620395 composite?
True
Is 45239 a prime number?
False
Is 2179 prime?
True
Is 984733 composite?
False
Is 25427 composite?
True
Is 328171 composite?
False
Is 36377 a composite number?
True
Is 19799 a prime number?
False
Is 5053 a composite number?
True
Is 36079 a composite number?
True
Is 1042309 a composite number?
False
Is 374581 composite?
True
Is 22735 composite?
True
Is 149993 a composite number?
False
Is 883049 prime?
True
Is 44729 composite?
False
Is 21677 a composite number?
True
Is 851 a prime number?
False
Is 7753 composite?
False
Is 6467 composite?
True
Is 758077 a prime number?
False
Is 118705 a composite number?
True
Is 5779 composite?
False
Is 144151 prime?
False
Is 169714 a prime number?
False
Is 1399 a prime number?
True
Is 14143 a prime number?
True
Is 4132289 prime?
False
Is 93431 a prime number?
False
Is 103043 a prime number?
True
Is 479 a composite number?
False
Is 146279 composite?
True
Is 623 prime?
False
Is 210071 composite?
False
Is 29461 a prime number?
False
Is 1058951 a prime number?
True
Is 33009 composite?
True
Is 5591 prime?
True
Is 25981 a prime number?
True
Is 598777 a prime number?
True
Is 293 a composite number?
False
Is 359539 a prime number?
True
Is 1303 a composite number?
False
Is 15967 composite?
True
Is 79221 composite?
True
Is 519349 composite?
False
Is 359962 a composite number?
True
Is 29629 prime?
True
Is 40343 prime?
True
Is 442553 prime?
False
Is 298573 a composite number?
True
Is 4553 composite?
True
Is 4603 a prime number?
True
Is 525485 a prime number?
False
Is 1057531 prime?
True
Is 4037 a composite number?
True
Is 15629 a prime number?
True
Is 28349 a prime number?
True
Is 52013 prime?
False
Is 9753 a prime number?
False
Is 48947 a composite number?
False
Is 1335157 a prime number?
True
Is 165691 prime?
False
Is 5921 composite?
True
Is 2587 a prime number?
False
Is 34165 prime?
False
Is 334 prime?
False
Is 199 prime?
True
Is 137257 a composite number?
True
Is 723307 prime?
False
Is 374937 composite?
True
Is 172013 composite?
True
Is 3677 a composite number?
False
Is 14507 a composite number?
True
Is 69623 a prime number?
True
Is 3389 a composite number?
False
Is 5807 prime?
True
Is 661417 a prime number?
True
Is 4391 composite?
False
Is 26303 a prime number?
False
Is 23657 a prime number?
False
Is 2846 prime?
False
Is 49001 prime?
False
Is 153937 a prime number?
False
Is 1722313 prime?
False
Is 35759 a composite number?
False
Is 21265 a composite number?
True
Is 997 prime?
True
Is 436997 composite?
True
Is 1350593 a prime number?
True
Is 101737 prime?
True
Is 59387 composite?
False
Is 2447459 prime?
False
Is 100787 a prime number?
True
Is 65479 composite?
False
Is 27361 a composite number?
False
Is 85549 a prime number?
True
Is 23906 prime?
False
Is 362263 composite?
True
Is 3511 a composite number?
False
Is 194191 composite?
True
Is 816689 prime?
True
Is 1593707 composite?
True
Is 1006 a composite number?
True
Is 16277 composite?
True
Is 13561 a composite number?
True
Is 11233 a prime number?
False
Is 48851 composite?
True
Is 11967 a prime number?
False
Is 10481 a composite number?
True
Is 18143 composite?
False
Is 4241 a composite number?
False
Is 51411 prime?
False
Is 950651 a composite number?
True
Is 331355 a composite number?
True
Is 388421 composite?
True
Is 30449 composite?
False
Is 4091 prime?
True
Is 13157 a prime number?
False
Is 62939 composite?
False
Is 28151 a prime number?
True
Is 70051 composite?
False
Is 123001 a prime number?
True
Is 8657 prime?
False
Is 264391 prime?
True
Is 126539 a prime number?
False
Is 2789 a composite number?
False
Is 65465 prime?
False
Is 327553 composite?
False
Is 1103 prime?
True
Is 90121 prime?
True
Is 4265 prime?
False
Is 990211 a composite number?
False
Is 39799 a prime number?
True
Is 47441 a composite number?
False
Is 2433 a prime number?
False
Is 8419 composite?
False
Is 12854 a prime number?
False
Is 445 prime?
False
Is 272347 a composite number?
False
Is 14591 a prime number?
True
Is 13253 prime?
False
Is 541115 a prime number?
False
Is 342431 composite?
True
Is 213791 a prime number?
True
Is 427189 a prime number?
False
Is 2911 composite?
True
Is 8287 composite?
False
Is 16129 a prime number?
False
Is 33009 prime?
False
Is 506771 composite?
True
Is 113915 composite?
True
Is 4060069 composite?
True
Is 33659 a prime number?
False
Is 1481 a prime number?
True
Is 691453 prime?
False
Is 2219 a prime number?
False
Is 265381 composite?
False
Is 331949 composite?
True
Is 537 prime?
False
Is 199697 prime?
True
Is 6927 composite?
True
Is 701 a prime number?
True
Is 102859 a composite number?
False
Is 2251 a composite number?
False
Is 1713 a composite number?
True
Is 4583 a prime number?
True
Is 63641 prime?
False
Is 47417 composite?
False
Is 708437 composite?
False
Is 53681 a prime number?
True
Is 824921 prime?
True
Is 143713 a composite number?
True
Is 182693 prime?
False
Is 103078 a prime number?
False
Is 1123699 composite?
False
Is 2527687 a prime number?
False
Is 187851 composite?
True
Is 873929 prime?
False
Is 2899 a composite number?
True
Is 445 prime?
False
Is 255401 a prime number?
False
Is 486757 a composite number?
False
Is 35269 a composite number?
True
Is